{"id":1309,"date":"2022-02-11T15:06:09","date_gmt":"2022-02-11T15:06:09","guid":{"rendered":"https:\/\/khachsanminhchauquanlankhaimai.com\/?page_id=1309"},"modified":"2022-06-14T17:38:27","modified_gmt":"2022-06-14T17:38:27","slug":"xe-dien-tham-quan","status":"publish","type":"page","link":"https:\/\/khaimaitravel.com\/index.php\/xe-dien-tham-quan\/","title":{"rendered":"XE \u0110I\u1ec6N THAM QUAN"},"content":{"rendered":"\n\t<section class=\"section\" id=\"section_544402822\">\n\t\t<div class=\"section-bg fill\" >\n\t\t\t\t\t\t\t\t\t\n\t\t\t\n\n\t\t<\/div>\n\n\t\t\n\n\t\t<div class=\"section-content relative\">\n\t\t\t\n<h1 style=\"text-align: center;\"><span style=\"font-size: 130%;\">XE \u0110I\u1ec6N THAM QUAN<\/span><\/h1>\n\n\t\t<div class=\"icon-box featured-box icon-box-center text-center\"  >\n\t\t\t\t\t<div class=\"icon-box-img\" style=\"width: 300px\">\n\t\t\t\t<div class=\"icon\">\n\t\t\t\t\t<div class=\"icon-inner\" >\n\t\t\t\t\t\t<img loading=\"lazy\" decoding=\"async\" width=\"270\" height=\"35\" src=\"https:\/\/khaimaitravel.com\/wp-content\/uploads\/2020\/10\/line1.png\" class=\"attachment-medium size-medium\" alt=\"\" \/>\t\t\t\t\t<\/div>\n\t\t\t\t<\/div>\n\t\t\t<\/div>\n\t\t\t\t<div class=\"icon-box-text last-reset\">\n\t\t\t\t\t\t\t\t\t\n\t\t<\/div>\n\t<\/div>\n\t\n\t\n\t<div id=\"gap-1263222961\" class=\"gap-element clearfix\" style=\"display:block; height:auto;\">\n\t\t\n<style>\n#gap-1263222961 {\n  padding-top: 29px;\n}\n<\/style>\n\t<\/div>\n\t\n<div class=\"row row-box-shadow-4\"  id=\"row-1258301508\">\n\n\t<div id=\"col-788579404\" class=\"col small-12 large-12\"  >\n\t\t\t\t<div class=\"col-inner box-shadow-4\" style=\"background-color:rgb(10, 75, 99);\" >\n\t\t\t\n\t\t\t\n\t<div class=\"box has-hover   has-hover box-text-bottom\" >\n\n\t\t<div class=\"box-image\" >\n\t\t\t\t\t\t<div class=\"\" >\n\t\t\t\t\t\t\t\t\t\t\t\t\t\t\t<\/div>\n\t\t\t\t\t<\/div>\n\n\t\t<div class=\"box-text text-center\" >\n\t\t\t<div class=\"box-text-inner\">\n\t\t\t\t\n<h4><span style=\"font-size: 150%; color: #f0d37f;\"><strong>B\u1ea2NG NI\u00caM Y\u1ebeT GI\u00c1 CHUNG XE \u0110I\u1ec6N MINH CH\u00c2U &#8211; QUAN L\u1ea0N<\/strong><\/span><\/h4>\n\t\t\t<\/div>\n\t\t<\/div>\n\t<\/div>\n\t\n\t\t<\/div>\n\t\t\t\t\t<\/div>\n\n\t\n\n<style>\n#row-1258301508 > .col > .col-inner {\n  background-color: rgb(10, 75, 99);\n}\n<\/style>\n<\/div>\n\t<div id=\"gap-1312064837\" class=\"gap-element clearfix\" style=\"display:block; height:auto;\">\n\t\t\n<style>\n#gap-1312064837 {\n  padding-top: 29px;\n}\n<\/style>\n\t<\/div>\n\t\n<div class=\"row row-collapse align-middle row-box-shadow-4\"  id=\"row-1932698728\">\n\n\t<div id=\"col-1634036214\" class=\"col medium-6 small-12 large-6\"  >\n\t\t\t\t<div class=\"col-inner\"  >\n\t\t\t\n\t\t\t\n\t<div class=\"box has-hover   has-hover box-text-bottom\" >\n\n\t\t<div class=\"box-image\" >\n\t\t\t\t\t\t<div class=\"image-zoom image-cover\" style=\"padding-top:56.25%;\">\n\t\t\t\t<img loading=\"lazy\" decoding=\"async\" width=\"900\" height=\"500\" src=\"https:\/\/khaimaitravel.com\/wp-content\/uploads\/2022\/01\/tau-cao-toc-di-minh-chau.png\" class=\"attachment- size-\" alt=\"\" srcset=\"https:\/\/khaimaitravel.com\/wp-content\/uploads\/2022\/01\/tau-cao-toc-di-minh-chau.png 900w, https:\/\/khaimaitravel.com\/wp-content\/uploads\/2022\/01\/tau-cao-toc-di-minh-chau-300x167.png 300w, https:\/\/khaimaitravel.com\/wp-content\/uploads\/2022\/01\/tau-cao-toc-di-minh-chau-768x427.png 768w\" sizes=\"(max-width: 900px) 100vw, 900px\" \/>\t\t\t\t\t\t\t\t\t\t\t<\/div>\n\t\t\t\t\t<\/div>\n\n\t\t<div class=\"box-text text-center\" >\n\t\t\t<div class=\"box-text-inner\">\n\t\t\t\t\n<p style=\"text-align: center;\"><em><span style=\"color: #ffffff; font-size: 120%;\"><strong>B\u1ebfn t\u00e0u Minh Ch\u00e2u \u2192 Kh\u00e1ch S\u1ea1n (Trung T\u00e2m MC)<\/strong><\/span><\/em><\/p>\n\t\t\t<\/div>\n\t\t<\/div>\n\t<\/div>\n\t\n\t\t<\/div>\n\t\t\t\t\t<\/div>\n\n\t\n\n\t<div id=\"col-783467466\" class=\"col medium-6 small-12 large-6\"  >\n\t\t\t\t<div class=\"col-inner\"  >\n\t\t\t\n\t\t\t\n<p style=\"padding-left: 40px;\"><span style=\"color: #f0d37f;\"><span style=\"font-size: 150%;\"><strong>B\u1ebfn t\u00e0u<\/strong><\/span><span style=\"font-size: 150%;\"><strong>\u00a0Minh Ch\u00e2u \u2192 Kh\u00e1ch S\u1ea1n.<\/strong><\/span><\/span><\/p>\n<p style=\"padding-left: 40px;\"><span style=\"color: #ffffff;\"><span style=\"font-size: 120%;\">\u2666 S\u1ed1 ng\u01b0\u1eddi t\u1ed1i \u0111a\/xe : 13 ng\u01b0\u1eddi.<\/span><\/span><\/p>\n<p style=\"padding-left: 40px;\"><span style=\"color: #ffffff; font-size: 120%;\">\u2666 Gi\u00e1\u00a0 \u00a0 \u00a0 \u00a0 \u00a0 \u00a0 \u00a0 \u00a0 \u00a0 \u00a0 \u00a0 \u00a0 \u00a0: \u00bb 1 Chi\u1ec1u : 200.000vn\u0111.<\/span><\/p>\n<p style=\"padding-left: 40px;\"><span style=\"color: #ffffff; font-size: 120%;\">\u00a0 \u00a0 \u00a0 \u00a0 \u00a0 \u00a0 \u00a0 \u00a0 \u00a0 \u00a0 \u00a0 \u00a0 \u00a0 \u00a0 \u00a0 \u00a0 \u00a0 \u00a0 \u00bb 2 Chi\u1ec1u : 400.000vn\u0111.<\/span><\/p>\n<p style=\"padding-left: 40px;\">\u00a0<\/p>\n\t\t<\/div>\n\t\t\t\t\t<\/div>\n\n\t\n\n<style>\n#row-1932698728 > .col > .col-inner {\n  background-color: rgb(10, 75, 99);\n}\n<\/style>\n<\/div>\n\t<div id=\"gap-518926827\" class=\"gap-element clearfix\" style=\"display:block; height:auto;\">\n\t\t\n<style>\n#gap-518926827 {\n  padding-top: 60px;\n}\n<\/style>\n\t<\/div>\n\t\n<div class=\"row row-collapse align-middle row-box-shadow-4\"  id=\"row-557557442\">\n\n\t<div id=\"col-649506361\" class=\"col medium-6 small-12 large-6\"  >\n\t\t\t\t<div class=\"col-inner\"  >\n\t\t\t\n\t\t\t\n\t<div class=\"box has-hover   has-hover box-text-bottom\" >\n\n\t\t<div class=\"box-image\" >\n\t\t\t\t\t\t<div class=\"image-zoom image-cover\" style=\"padding-top:56.25%;\">\n\t\t\t\t<img loading=\"lazy\" decoding=\"async\" width=\"2400\" height=\"1350\" src=\"https:\/\/khaimaitravel.com\/wp-content\/uploads\/2022\/02\/12.png\" class=\"attachment- size-\" alt=\"\" srcset=\"https:\/\/khaimaitravel.com\/wp-content\/uploads\/2022\/02\/12.png 2400w, https:\/\/khaimaitravel.com\/wp-content\/uploads\/2022\/02\/12-300x169.png 300w, https:\/\/khaimaitravel.com\/wp-content\/uploads\/2022\/02\/12-1024x576.png 1024w, https:\/\/khaimaitravel.com\/wp-content\/uploads\/2022\/02\/12-768x432.png 768w, https:\/\/khaimaitravel.com\/wp-content\/uploads\/2022\/02\/12-1536x864.png 1536w, https:\/\/khaimaitravel.com\/wp-content\/uploads\/2022\/02\/12-2048x1152.png 2048w\" sizes=\"(max-width: 2400px) 100vw, 2400px\" \/>\t\t\t\t\t\t\t\t\t\t\t<\/div>\n\t\t\t\t\t<\/div>\n\n\t\t<div class=\"box-text text-center\" >\n\t\t\t<div class=\"box-text-inner\">\n\t\t\t\t\n<h4 style=\"text-align: center;\"><span style=\"font-size: 110%;\"><em><span style=\"color: #ffffff;\"><strong>Tham quan v\u00f2ng quanh Minh Ch\u00e2u<\/strong><\/span><\/em><\/span><\/h4>\n\t\t\t<\/div>\n\t\t<\/div>\n\t<\/div>\n\t\n\t\t<\/div>\n\t\t\t\t\t<\/div>\n\n\t\n\n\t<div id=\"col-1312078360\" class=\"col medium-6 small-12 large-6\"  >\n\t\t\t\t<div class=\"col-inner\"  >\n\t\t\t\n\t\t\t\n<h4 style=\"text-align: left; padding-left: 40px;\"><span style=\"color: #f0d37f; font-size: 150%;\"><strong>Tham quan v\u00f2ng quanh Minh Ch\u00e2u<\/strong><\/span><\/h4>\n<p style=\"padding-left: 40px;\"><span style=\"color: #ffffff; font-size: 120%;\">\u2666 S\u1ed1 ng\u01b0\u1eddi t\u1ed1i \u0111a\/xe : 13 ng\u01b0\u1eddi.<\/span><\/p>\n<p style=\"padding-left: 40px;\"><span style=\"color: #ffffff; font-size: 120%;\">\u2666 Gi\u00e1\u00a0 \u00a0 \u00a0 \u00a0 \u00a0 \u00a0 \u00a0 \u00a0 \u00a0 \u00a0 \u00a0 \u00a0 \u00a0: 300.000vn\u0111.<\/span><\/p>\n<p style=\"padding-left: 80px;\"><strong><span style=\"color: #f0d37f; font-size: 120%;\"><em>Call \u0111\u1ec3 nh\u1eadn gi\u00e1 \u01b0u \u0111\u00e3i \u2192<\/em> <span style=\"color: #ed1c24;\"><a style=\"color: #ed1c24;\" href=\"tel:0868350305\"><em>Click&#8230;<\/em><\/a><\/span><\/span><\/strong><\/p>\n<p style=\"padding-left: 40px;\">\u00a0<\/p>\n\t\t<\/div>\n\t\t\t\t\t<\/div>\n\n\t\n\n<style>\n#row-557557442 > .col > .col-inner {\n  background-color: rgb(10, 75, 99);\n}\n<\/style>\n<\/div>\n\t<div id=\"gap-945767620\" class=\"gap-element clearfix\" style=\"display:block; height:auto;\">\n\t\t\n<style>\n#gap-945767620 {\n  padding-top: 60px;\n}\n<\/style>\n\t<\/div>\n\t\n<div class=\"row row-collapse align-middle row-box-shadow-4\"  id=\"row-837499308\">\n\n\t<div id=\"col-1959030135\" class=\"col medium-6 small-12 large-6\"  >\n\t\t\t\t<div class=\"col-inner\"  >\n\t\t\t\n\t\t\t\n\t<div class=\"box has-hover   has-hover box-text-bottom\" >\n\n\t\t<div class=\"box-image\" >\n\t\t\t\t\t\t<div class=\"image-zoom image-cover\" style=\"padding-top:56.25%;\">\n\t\t\t\t<img loading=\"lazy\" decoding=\"async\" width=\"600\" height=\"337\" src=\"https:\/\/khaimaitravel.com\/wp-content\/uploads\/2022\/03\/tagobaitamrobinsonquanlan005-1.jpeg\" class=\"attachment- size-\" alt=\"\" srcset=\"https:\/\/khaimaitravel.com\/wp-content\/uploads\/2022\/03\/tagobaitamrobinsonquanlan005-1.jpeg 600w, https:\/\/khaimaitravel.com\/wp-content\/uploads\/2022\/03\/tagobaitamrobinsonquanlan005-1-300x169.jpeg 300w\" sizes=\"(max-width: 600px) 100vw, 600px\" \/>\t\t\t\t\t\t\t\t\t\t\t<\/div>\n\t\t\t\t\t<\/div>\n\n\t\t<div class=\"box-text text-center\" >\n\t\t\t<div class=\"box-text-inner\">\n\t\t\t\t\n<h4 style=\"text-align: center;\"><span style=\"font-size: 110%;\"><em><span style=\"color: #ffffff;\"><strong>Kh\u00e1ch s\u1ea1n (Minh Ch\u00e2u) \u2192 Bi\u1ec3n ROBINSON<\/strong><\/span><\/em><\/span><\/h4>\n\t\t\t<\/div>\n\t\t<\/div>\n\t<\/div>\n\t\n\t\t<\/div>\n\t\t\t\t\t<\/div>\n\n\t\n\n\t<div id=\"col-1228401004\" class=\"col medium-6 small-12 large-6\"  >\n\t\t\t\t<div class=\"col-inner\"  >\n\t\t\t\n\t\t\t\n<p style=\"padding-left: 40px;\"><span style=\"font-size: 150%; color: #f0d37f;\"><strong>Kh\u00e1ch s\u1ea1n (Minh Ch\u00e2u) \u2192 Bi\u1ec3n ROBINSON<\/strong><\/span><\/p>\n<p style=\"padding-left: 40px;\"><span style=\"color: #ffffff; font-size: 120%;\">\u2666 S\u1ed1 ng\u01b0\u1eddi t\u1ed1i \u0111a\/xe : 13 ng\u01b0\u1eddi.<\/span><\/p>\n<p style=\"padding-left: 40px;\"><span style=\"color: #ffffff; font-size: 120%;\">\u2666 Gi\u00e1\u00a0 \u00a0 \u00a0 \u00a0 \u00a0 \u00a0 \u00a0 \u00a0 \u00a0 \u00a0 \u00a0 \u00a0 \u00a0: \u00bb 1 chi\u1ec1u : 300.000vn\u0111.<\/span><\/p>\n<p style=\"padding-left: 40px;\"><span style=\"color: #ffffff; font-size: 120%;\">\u00a0 \u00a0 \u00a0 \u00a0 \u00a0 \u00a0 \u00a0 \u00a0 \u00a0 \u00a0 \u00a0 \u00a0 \u00a0 \u00a0 \u00a0 \u00a0 \u00a0 \u00a0 \u00bb 2 chi\u1ec1u : 500.000vn\u0111.<\/span><\/p>\n<p style=\"padding-left: 40px;\"><strong><span style=\"color: #f0d37f; font-size: 120%;\"><em>Call \u0111\u1ec3 nh\u1eadn gi\u00e1 \u01b0u \u0111\u00e3i \u2192<\/em> <span style=\"color: #ed1c24;\"><a style=\"color: #ed1c24;\" href=\"tel:0868350305\"><em>Click&#8230;<\/em><\/a><\/span><\/span><\/strong><\/p>\n\t\t<\/div>\n\t\t\t\t\t<\/div>\n\n\t\n\n<style>\n#row-837499308 > .col > .col-inner {\n  background-color: rgb(10, 75, 99);\n}\n<\/style>\n<\/div>\n\t<div id=\"gap-2023171217\" class=\"gap-element clearfix\" style=\"display:block; height:auto;\">\n\t\t\n<style>\n#gap-2023171217 {\n  padding-top: 60px;\n}\n<\/style>\n\t<\/div>\n\t\n<div class=\"row row-collapse align-middle row-box-shadow-4\"  id=\"row-1965739016\">\n\n\t<div id=\"col-1382022840\" class=\"col medium-6 small-12 large-6\"  >\n\t\t\t\t<div class=\"col-inner\"  >\n\t\t\t\n\t\t\t\n\t<div class=\"box has-hover   has-hover box-text-bottom\" >\n\n\t\t<div class=\"box-image\" >\n\t\t\t\t\t\t<div class=\"image-zoom image-cover\" style=\"padding-top:56.25%;\">\n\t\t\t\t<img loading=\"lazy\" decoding=\"async\" width=\"2400\" height=\"1350\" src=\"https:\/\/khaimaitravel.com\/wp-content\/uploads\/2022\/02\/TRAVEL-1.png\" class=\"attachment- size-\" alt=\"\" srcset=\"https:\/\/khaimaitravel.com\/wp-content\/uploads\/2022\/02\/TRAVEL-1.png 2400w, https:\/\/khaimaitravel.com\/wp-content\/uploads\/2022\/02\/TRAVEL-1-300x169.png 300w, https:\/\/khaimaitravel.com\/wp-content\/uploads\/2022\/02\/TRAVEL-1-1024x576.png 1024w, https:\/\/khaimaitravel.com\/wp-content\/uploads\/2022\/02\/TRAVEL-1-768x432.png 768w, https:\/\/khaimaitravel.com\/wp-content\/uploads\/2022\/02\/TRAVEL-1-1536x864.png 1536w, https:\/\/khaimaitravel.com\/wp-content\/uploads\/2022\/02\/TRAVEL-1-2048x1152.png 2048w\" sizes=\"(max-width: 2400px) 100vw, 2400px\" \/>\t\t\t\t\t\t\t\t\t\t\t<\/div>\n\t\t\t\t\t<\/div>\n\n\t\t<div class=\"box-text text-center\" >\n\t\t\t<div class=\"box-text-inner\">\n\t\t\t\t\n<h4><em><span style=\"font-size: 110%; color: #ffffff;\"><strong>Kh\u00e1ch s\u1ea1n (Minh Ch\u00e2u) \u2192 D\u00f2ng s\u00f4ng \u0110\u00f4i B\u1edd C\u00e1t Tr\u1eafng<\/strong><\/span><\/em><\/h4>\n\t\t\t<\/div>\n\t\t<\/div>\n\t<\/div>\n\t\n\t\t<\/div>\n\t\t\t\t\t<\/div>\n\n\t\n\n\t<div id=\"col-307047998\" class=\"col medium-6 small-12 large-6\"  >\n\t\t\t\t<div class=\"col-inner\"  >\n\t\t\t\n\t\t\t\n<p style=\"padding-left: 40px;\"><span style=\"color: #f0d37f; font-size: 150%;\"><strong>Kh\u00e1ch s\u1ea1n (Minh Ch\u00e2u) \u2192 D\u00f2ng s\u00f4ng \u0110\u00f4i B\u1edd C\u00e1t Tr\u1eafng<\/strong><\/span><\/p>\n<p style=\"padding-left: 40px;\"><span style=\"color: #ffffff; font-size: 120%;\">\u2666S\u1ed1 ng\u01b0\u1eddi t\u1ed1i \u0111a\/xe : 13 ng\u01b0\u1eddi.<\/span><\/p>\n<p style=\"padding-left: 40px;\"><span style=\"color: #ffffff; font-size: 120%;\">\u2666Gi\u00e1\u00a0 \u00a0 \u00a0 \u00a0 \u00a0 \u00a0 \u00a0 \u00a0 \u00a0 \u00a0 \u00a0 \u00a0 \u00a0: \u00bb 1 chi\u1ec1u : 300.000vn\u0111.<\/span><\/p>\n<p style=\"padding-left: 40px;\"><span style=\"color: #ffffff; font-size: 120%;\">\u00a0 \u00a0 \u00a0 \u00a0 \u00a0 \u00a0 \u00a0 \u00a0 \u00a0 \u00a0 \u00a0 \u00a0 \u00a0 \u00a0 \u00a0 \u00a0 \u00a0 \u00bb 2 chi\u1ec1u : 500.000vn\u0111.<\/span><\/p>\n<p>\u00a0<\/p>\n\t\t<\/div>\n\t\t\t\t\t<\/div>\n\n\t\n\n<style>\n#row-1965739016 > .col > .col-inner {\n  background-color: rgb(10, 75, 99);\n}\n<\/style>\n<\/div>\n\t<div id=\"gap-1844095467\" class=\"gap-element clearfix\" style=\"display:block; height:auto;\">\n\t\t\n<style>\n#gap-1844095467 {\n  padding-top: 60px;\n}\n<\/style>\n\t<\/div>\n\t\n<div class=\"row row-collapse align-middle row-box-shadow-4\"  id=\"row-491755586\">\n\n\t<div id=\"col-1165521112\" class=\"col medium-6 small-12 large-6\"  >\n\t\t\t\t<div class=\"col-inner\"  >\n\t\t\t\n\t\t\t\n\t<div class=\"box has-hover   has-hover box-text-bottom\" >\n\n\t\t<div class=\"box-image\" >\n\t\t\t\t\t\t<div class=\"image-zoom\" >\n\t\t\t\t<img loading=\"lazy\" decoding=\"async\" width=\"2400\" height=\"1350\" src=\"https:\/\/khaimaitravel.com\/wp-content\/uploads\/2022\/02\/TRAVEL-2.png\" class=\"attachment- size-\" alt=\"\" srcset=\"https:\/\/khaimaitravel.com\/wp-content\/uploads\/2022\/02\/TRAVEL-2.png 2400w, https:\/\/khaimaitravel.com\/wp-content\/uploads\/2022\/02\/TRAVEL-2-300x169.png 300w, https:\/\/khaimaitravel.com\/wp-content\/uploads\/2022\/02\/TRAVEL-2-1024x576.png 1024w, https:\/\/khaimaitravel.com\/wp-content\/uploads\/2022\/02\/TRAVEL-2-768x432.png 768w, https:\/\/khaimaitravel.com\/wp-content\/uploads\/2022\/02\/TRAVEL-2-1536x864.png 1536w, https:\/\/khaimaitravel.com\/wp-content\/uploads\/2022\/02\/TRAVEL-2-2048x1152.png 2048w\" sizes=\"(max-width: 2400px) 100vw, 2400px\" \/>\t\t\t\t\t\t\t\t\t\t\t<\/div>\n\t\t\t\t\t<\/div>\n\n\t\t<div class=\"box-text text-center\" >\n\t\t\t<div class=\"box-text-inner\">\n\t\t\t\t\n<h4><em><span style=\"color: #ffffff; font-size: 110%;\"><strong>Kh\u00e1ch s\u1ea1n(Minh Ch\u00e2u) \u2192 Bi\u1ec3n V\u00e2n H\u1ea3i<\/strong><\/span><\/em><\/h4>\n\t\t\t<\/div>\n\t\t<\/div>\n\t<\/div>\n\t\n\t\t<\/div>\n\t\t\t\t\t<\/div>\n\n\t\n\n\t<div id=\"col-1614910138\" class=\"col medium-6 small-12 large-6\"  >\n\t\t\t\t<div class=\"col-inner\"  >\n\t\t\t\n\t\t\t\n<p style=\"text-align: left; padding-left: 40px;\"><span style=\"color: #f0d37f; font-size: 150%;\"><strong>Kh\u00e1ch s\u1ea1n(Minh Ch\u00e2u) \u2192 Bi\u1ec3n V\u00e2n H\u1ea3i<\/strong><\/span><\/p>\n<p style=\"padding-left: 40px;\"><span style=\"color: #ffffff; font-size: 120%;\">\u2666 S\u1ed1 ng\u01b0\u1eddi t\u1ed1i \u0111a\/xe : 13 ng\u01b0\u1eddi.<\/span><\/p>\n<p style=\"padding-left: 40px;\"><span style=\"color: #ffffff; font-size: 120%;\">\u2666 Gi\u00e1\u00a0 \u00a0 \u00a0 \u00a0 \u00a0 \u00a0 \u00a0 \u00a0 \u00a0 \u00a0 \u00a0 \u00a0 \u00a0: \u00bb 1 chi\u1ec1u : 400.000vn\u0111.<\/span><\/p>\n<p style=\"padding-left: 40px;\"><span style=\"color: #ffffff; font-size: 120%;\">\u00a0 \u00a0 \u00a0 \u00a0 \u00a0 \u00a0 \u00a0 \u00a0 \u00a0 \u00a0 \u00a0 \u00a0 \u00a0 \u00a0 \u00a0 \u00a0 \u00a0 \u00a0 \u00bb 2 chi\u1ec1u : 600.000vn\u0111.<\/span><\/p>\n<p style=\"padding-left: 40px;\">\u00a0<\/p>\n<p style=\"padding-left: 80px;\"><em><strong><span style=\"color: #f0d37f; font-size: 120%;\">Call \u0111\u1ec3 nh\u1eadn gi\u00e1 \u01b0u \u0111\u00e3i \u2192 <span style=\"color: #ed1c24;\"><a style=\"color: #ed1c24;\" href=\"tel:0868350305\">Click&#8230;<\/a><\/span><\/span><\/strong><\/em><\/p>\n\t\t<\/div>\n\t\t\t\t\t<\/div>\n\n\t\n\n<style>\n#row-491755586 > .col > .col-inner {\n  background-color: rgb(10, 75, 99);\n}\n<\/style>\n<\/div>\n\t<div id=\"gap-1639684982\" class=\"gap-element clearfix\" style=\"display:block; height:auto;\">\n\t\t\n<style>\n#gap-1639684982 {\n  padding-top: 60px;\n}\n<\/style>\n\t<\/div>\n\t\n<div class=\"row row-collapse align-middle row-box-shadow-4\"  id=\"row-1394728835\">\n\n\t<div id=\"col-1380431707\" class=\"col medium-6 small-12 large-6\"  >\n\t\t\t\t<div class=\"col-inner\"  >\n\t\t\t\n\t\t\t\n\t<div class=\"box has-hover   has-hover box-text-bottom\" >\n\n\t\t<div class=\"box-image\" >\n\t\t\t\t\t\t<div class=\"image-zoom image-cover\" style=\"padding-top:56.25%;\">\n\t\t\t\t<img loading=\"lazy\" decoding=\"async\" width=\"2400\" height=\"1350\" src=\"https:\/\/khaimaitravel.com\/wp-content\/uploads\/2022\/02\/DI\u0300NH-CHU\u0300A-CO\u0302\u0309.png\" class=\"attachment- size-\" alt=\"\" srcset=\"https:\/\/khaimaitravel.com\/wp-content\/uploads\/2022\/02\/DI\u0300NH-CHU\u0300A-CO\u0302\u0309.png 2400w, https:\/\/khaimaitravel.com\/wp-content\/uploads\/2022\/02\/DI\u0300NH-CHU\u0300A-CO\u0302\u0309-300x169.png 300w, https:\/\/khaimaitravel.com\/wp-content\/uploads\/2022\/02\/DI\u0300NH-CHU\u0300A-CO\u0302\u0309-1024x576.png 1024w, https:\/\/khaimaitravel.com\/wp-content\/uploads\/2022\/02\/DI\u0300NH-CHU\u0300A-CO\u0302\u0309-768x432.png 768w, https:\/\/khaimaitravel.com\/wp-content\/uploads\/2022\/02\/DI\u0300NH-CHU\u0300A-CO\u0302\u0309-1536x864.png 1536w, https:\/\/khaimaitravel.com\/wp-content\/uploads\/2022\/02\/DI\u0300NH-CHU\u0300A-CO\u0302\u0309-2048x1152.png 2048w\" sizes=\"(max-width: 2400px) 100vw, 2400px\" \/>\t\t\t\t\t\t\t\t\t\t\t<\/div>\n\t\t\t\t\t<\/div>\n\n\t\t<div class=\"box-text text-center\" >\n\t\t\t<div class=\"box-text-inner\">\n\t\t\t\t\n<p><span style=\"font-size: 120%;\"><em><span style=\"color: #ffffff;\"><strong>Khu di t\u00edch v\u0103n h\u00f3a : \u0110\u00ccNH &#8211; CH\u00d9A &#8211; MI\u1ebeU &#8211; NGH\u00c8<\/strong><\/span><\/em><\/span><\/p>\n\t\t\t<\/div>\n\t\t<\/div>\n\t<\/div>\n\t\n\t\t<\/div>\n\t\t\t\t\t<\/div>\n\n\t\n\n\t<div id=\"col-742099617\" class=\"col medium-6 small-12 large-6\"  >\n\t\t\t\t<div class=\"col-inner\"  >\n\t\t\t\n\t\t\t\n<p style=\"text-align: left; padding-left: 40px;\"><span style=\"color: #f0d37f; font-size: 150%;\"><strong>Khu di t\u00edch v\u0103n h\u00f3a : \u0110\u00ccNH &#8211; CH\u00d9A &#8211; MI\u1ebeU &#8211; NGH\u00c8<\/strong><\/span><\/p>\n<p style=\"text-align: left; padding-left: 40px;\"><span style=\"color: #ffffff; font-size: 120%;\">\u2666 S\u1ed1 ng\u01b0\u1eddi t\u1ed1i \u0111a\/xe : 13 ng\u01b0\u1eddi.<\/span><\/p>\n<p style=\"text-align: left; padding-left: 40px;\"><span style=\"color: #ffffff; font-size: 120%;\">\u2666 Gi\u00e1\u00a0 \u00a0 \u00a0 \u00a0 \u00a0 \u00a0 \u00a0 \u00a0 \u00a0 \u00a0 \u00a0 \u00a0 \u00a0: \u00bb 1 chi\u1ec1u : 500.000vn\u0111.<\/span><\/p>\n<p style=\"text-align: left; padding-left: 40px;\"><span style=\"color: #ffffff; font-size: 120%;\">\u00a0 \u00a0 \u00a0 \u00a0 \u00a0 \u00a0 \u00a0 \u00a0 \u00a0 \u00a0 \u00a0 \u00a0 \u00a0 \u00a0 \u00a0 \u00a0 \u00a0 \u00a0 \u00bb 2 chi\u1ec1u : 800.000vn\u0111.<\/span><\/p>\n<p style=\"text-align: left; padding-left: 40px;\">\u00a0<\/p>\n<p style=\"padding-left: 80px; text-align: left;\"><span style=\"color: #f0d37f; font-size: 120%;\"><strong><em>Call \u0111\u1ec3 nh\u1eadn gi\u00e1 \u01b0u \u0111\u00e3i \u2192<\/em><\/strong><span style=\"color: #ed1c24;\"> <strong><em><a style=\"color: #ed1c24;\" href=\"tel:0868350305\">Click&#8230;<\/a><\/em><\/strong><\/span><\/span><\/p>\n\t\t<\/div>\n\t\t\t\t\t<\/div>\n\n\t\n\n<style>\n#row-1394728835 > .col > .col-inner {\n  background-color: rgb(10, 75, 99);\n}\n<\/style>\n<\/div>\n\t<div id=\"gap-1330702237\" class=\"gap-element clearfix\" style=\"display:block; height:auto;\">\n\t\t\n<style>\n#gap-1330702237 {\n  padding-top: 60px;\n}\n<\/style>\n\t<\/div>\n\t\n<div class=\"row row-collapse align-middle row-box-shadow-4\"  id=\"row-1962213481\">\n\n\t<div id=\"col-491939485\" class=\"col medium-6 small-12 large-6\"  >\n\t\t\t\t<div class=\"col-inner\"  >\n\t\t\t\n\t\t\t\n\t<div class=\"box has-hover   has-hover box-text-bottom\" >\n\n\t\t<div class=\"box-image\" >\n\t\t\t\t\t\t<div class=\"image-zoom image-cover\" style=\"padding-top:56.25%;\">\n\t\t\t\t<img loading=\"lazy\" decoding=\"async\" width=\"2400\" height=\"1350\" src=\"https:\/\/khaimaitravel.com\/wp-content\/uploads\/2022\/02\/TRAVEL.png\" class=\"attachment- size-\" alt=\"\" srcset=\"https:\/\/khaimaitravel.com\/wp-content\/uploads\/2022\/02\/TRAVEL.png 2400w, https:\/\/khaimaitravel.com\/wp-content\/uploads\/2022\/02\/TRAVEL-300x169.png 300w, https:\/\/khaimaitravel.com\/wp-content\/uploads\/2022\/02\/TRAVEL-1024x576.png 1024w, https:\/\/khaimaitravel.com\/wp-content\/uploads\/2022\/02\/TRAVEL-768x432.png 768w, https:\/\/khaimaitravel.com\/wp-content\/uploads\/2022\/02\/TRAVEL-1536x864.png 1536w, https:\/\/khaimaitravel.com\/wp-content\/uploads\/2022\/02\/TRAVEL-2048x1152.png 2048w\" sizes=\"(max-width: 2400px) 100vw, 2400px\" \/>\t\t\t\t\t\t\t\t\t\t\t<\/div>\n\t\t\t\t\t<\/div>\n\n\t\t<div class=\"box-text text-center\" >\n\t\t\t<div class=\"box-text-inner\">\n\t\t\t\t\n<p style=\"text-align: center;\"><span style=\"color: #ffffff;\"><em><span style=\"font-size: 120%;\"><strong>Kh\u00e1ch s\u1ea1n(Minh Ch\u00e2u) \u2192 EO GI\u00d3<\/strong><\/span><\/em><\/span><\/p>\n\t\t\t<\/div>\n\t\t<\/div>\n\t<\/div>\n\t\n\t\t<\/div>\n\t\t\t\t\t<\/div>\n\n\t\n\n\t<div id=\"col-294015231\" class=\"col medium-6 small-12 large-6\"  >\n\t\t\t\t<div class=\"col-inner\"  >\n\t\t\t\n\t\t\t\n<p style=\"text-align: left; padding-left: 40px;\"><span style=\"color: #f0d37f; font-size: 150%;\"><strong>Kh\u00e1ch s\u1ea1n(Minh Ch\u00e2u) \u2192 EO GI\u00d3<\/strong><\/span><\/p>\n<p style=\"text-align: left; padding-left: 40px;\"><span style=\"color: #ffffff; font-size: 120%;\">\u2666 S\u1ed1 ng\u01b0\u1eddi t\u1ed1i \u0111a\/xe : 13 ng\u01b0\u1eddi.<\/span><\/p>\n<p style=\"text-align: left; padding-left: 40px;\"><span style=\"color: #ffffff; font-size: 120%;\">\u2666 Gi\u00e1\u00a0 \u00a0 \u00a0 \u00a0 \u00a0 \u00a0 \u00a0 \u00a0 \u00a0 \u00a0 \u00a0 \u00a0 : \u00bb 1 chi\u1ec1u : 1.000.000vn\u0111.<\/span><\/p>\n<p style=\"text-align: left; padding-left: 40px;\"><span style=\"color: #ffffff; font-size: 120%;\">\u00a0 \u00a0 \u00a0 \u00a0 \u00a0 \u00a0 \u00a0 \u00a0 \u00a0 \u00a0 \u00a0 \u00a0 \u00a0 \u00a0 \u00a0 \u00a0 \u00a0 \u00a0\u00bb 2 chi\u1ec1u : 1.500.000vn\u0111.<\/span><\/p>\n<p style=\"text-align: left; padding-left: 40px;\">\u00a0<\/p>\n<p style=\"padding-left: 80px; text-align: left;\"><span style=\"color: #f0d37f; font-size: 120%;\"><em><strong>Call \u0111\u1ec3 nh\u1eadn gi\u00e1 \u01b0u \u0111\u00e3i h\u01a1n \u2192<\/strong><\/em><span style=\"color: #ed1c24;\"> <strong><em><a style=\"color: #ed1c24;\" href=\"tel:0868350305\">Click&#8230;<\/a><\/em><\/strong><\/span><\/span><\/p>\n\t\t<\/div>\n\t\t\t\t\t<\/div>\n\n\t\n\n<style>\n#row-1962213481 > .col > .col-inner {\n  background-color: rgb(10, 75, 99);\n}\n<\/style>\n<\/div>\n\t<div id=\"gap-1078452059\" class=\"gap-element clearfix\" style=\"display:block; height:auto;\">\n\t\t\n<style>\n#gap-1078452059 {\n  padding-top: 49px;\n}\n<\/style>\n\t<\/div>\n\t\n<div class=\"row\"  id=\"row-1308273645\">\n\n\t<div id=\"col-1551777368\" class=\"col small-12 large-12\"  >\n\t\t\t\t<div class=\"col-inner text-center\"  >\n\t\t\t\n\t\t\t\n<a href=\"tel:0366133198\" class=\"button primary is-outline is-large box-shadow-4\"  >\n\t<i class=\"icon-phone\" aria-hidden=\"true\" ><\/i>\t<span>tr\u1ea3i nghi\u1ec7m ngay<\/span>\n\t<\/a>\n\n\t\t<\/div>\n\t\t\t\t\t<\/div>\n\n\t\n<\/div>\n\t\t<\/div>\n\n\t\t\n<style>\n#section_544402822 {\n  padding-top: 30px;\n  padding-bottom: 30px;\n  background-color: rgba(214, 203, 173, 0.1);\n}\n<\/style>\n\t<\/section>\n\t\n","protected":false},"excerpt":{"rendered":"","protected":false},"author":1,"featured_media":1871,"parent":0,"menu_order":0,"comment_status":"closed","ping_status":"closed","template":"page-blank.php","meta":{"footnotes":""},"_links":{"self":[{"href":"https:\/\/khaimaitravel.com\/index.php\/wp-json\/wp\/v2\/pages\/1309"}],"collection":[{"href":"https:\/\/khaimaitravel.com\/index.php\/wp-json\/wp\/v2\/pages"}],"about":[{"href":"https:\/\/khaimaitravel.com\/index.php\/wp-json\/wp\/v2\/types\/page"}],"author":[{"embeddable":true,"href":"https:\/\/khaimaitravel.com\/index.php\/wp-json\/wp\/v2\/users\/1"}],"replies":[{"embeddable":true,"href":"https:\/\/khaimaitravel.com\/index.php\/wp-json\/wp\/v2\/comments?post=1309"}],"version-history":[{"count":49,"href":"https:\/\/khaimaitravel.com\/index.php\/wp-json\/wp\/v2\/pages\/1309\/revisions"}],"predecessor-version":[{"id":2053,"href":"https:\/\/khaimaitravel.com\/index.php\/wp-json\/wp\/v2\/pages\/1309\/revisions\/2053"}],"wp:featuredmedia":[{"embeddable":true,"href":"https:\/\/khaimaitravel.com\/index.php\/wp-json\/wp\/v2\/media\/1871"}],"wp:attachment":[{"href":"https:\/\/khaimaitravel.com\/index.php\/wp-json\/wp\/v2\/media?parent=1309"}],"curies":[{"name":"wp","href":"https:\/\/api.w.org\/{rel}","templated":true}]}}