{"id":1130,"date":"2022-01-24T17:36:42","date_gmt":"2022-01-24T17:36:42","guid":{"rendered":"https:\/\/khachsanminhchauquanlankhaimai.com\/?page_id=1130"},"modified":"2025-04-02T13:45:09","modified_gmt":"2025-04-02T13:45:09","slug":"phong-2-giuong-2","status":"publish","type":"page","link":"https:\/\/khaimaitravel.com\/index.php\/phong-2-giuong-2\/","title":{"rendered":"PH\u00d2NG NGH\u1ec8"},"content":{"rendered":"\n\t<section class=\"section\" id=\"section_1543875751\">\n\t\t<div class=\"section-bg fill\" >\n\t\t\t\t\t\t\t\t\t\n\t\t\t\n\n\t\t<\/div>\n\n\t\t\n\n\t\t<div class=\"section-content relative\">\n\t\t\t\n<h1 style=\"text-align: center;\"><span style=\"font-size: 130%;\">PH\u00d2NG 2 GI\u01af\u1edcNG<\/span><\/h1>\n<p>\n\n\t\t<div class=\"icon-box featured-box icon-box-center text-center\"  >\n\t\t\t\t\t<div class=\"icon-box-img\" style=\"width: 300px\">\n\t\t\t\t<div class=\"icon\">\n\t\t\t\t\t<div class=\"icon-inner\" >\n\t\t\t\t\t\t<img loading=\"lazy\" decoding=\"async\" width=\"270\" height=\"35\" src=\"https:\/\/khaimaitravel.com\/wp-content\/uploads\/2020\/10\/line1.png\" class=\"attachment-medium size-medium\" alt=\"\" \/>\t\t\t\t\t<\/div>\n\t\t\t\t<\/div>\n\t\t\t<\/div>\n\t\t\t\t<div class=\"icon-box-text last-reset\">\n\t\t\t\t\t\t\t\t\t\n\t\t<\/div>\n\t<\/div>\n\t\n\t\n<div class=\"slider-wrapper relative\" id=\"slider-1074673160\" >\n    <div class=\"slider slider-nav-circle slider-nav-large slider-nav-light slider-style-normal\"\n        data-flickity-options='{\n            \"cellAlign\": \"center\",\n            \"imagesLoaded\": true,\n            \"lazyLoad\": 1,\n            \"freeScroll\": false,\n            \"wrapAround\": true,\n            \"autoPlay\": 6000,\n            \"pauseAutoPlayOnHover\" : true,\n            \"prevNextButtons\": true,\n            \"contain\" : true,\n            \"adaptiveHeight\" : true,\n            \"dragThreshold\" : 10,\n            \"percentPosition\": true,\n            \"pageDots\": true,\n            \"rightToLeft\": false,\n            \"draggable\": true,\n            \"selectedAttraction\": 0.1,\n            \"parallax\" : 0,\n            \"friction\": 0.6        }'\n        >\n        \n\n  <div class=\"banner has-hover\" id=\"banner-309998147\">\n          <div class=\"banner-inner fill\">\n        <div class=\"banner-bg fill\" >\n            <img loading=\"lazy\" decoding=\"async\" width=\"1020\" height=\"574\" src=\"https:\/\/khaimaitravel.com\/wp-content\/uploads\/2025\/04\/Blue-Green-Elegant-Modern-Luxury-Hotel-Presentation-1024x576.png\" class=\"bg attachment-large size-large\" alt=\"\" \/>                                    \n                    <\/div>\n\t\t\n        <div class=\"banner-layers container\">\n            <div class=\"fill banner-link\"><\/div>            \n        <\/div>\n      <\/div>\n\n            \n<style>\n#banner-309998147 {\n  padding-top: 56.25%;\n}\n<\/style>\n  <\/div>\n\n\n     <\/div>\n\n     <div class=\"loading-spin dark large centered\"><\/div>\n\n\t<\/div>\n\n\n<div class=\"row align-middle align-center row-divided\"  id=\"row-768394683\">\n<p>\n\n\t<div id=\"col-218818923\" class=\"col medium-6 small-12 large-6\"  >\n\t\t\t\t<div class=\"col-inner\"  >\n\t\t\t\n\t\t\t\n<p>\n\t<div class=\"box has-hover   has-hover box-text-bottom\" >\n\n\t\t<div class=\"box-image\" >\n\t\t\t\t\t\t<div class=\"image-zoom image-cover\" style=\"padding-top:100%;\">\n\t\t\t\t<img loading=\"lazy\" decoding=\"async\" width=\"2560\" height=\"1920\" src=\"https:\/\/khaimaitravel.com\/wp-content\/uploads\/2025\/04\/z6463973475086_b2ac40e671e1d0e7adbb31a79b06b846-scaled.jpg\" class=\"attachment- size-\" alt=\"\" srcset=\"https:\/\/khaimaitravel.com\/wp-content\/uploads\/2025\/04\/z6463973475086_b2ac40e671e1d0e7adbb31a79b06b846-scaled.jpg 2560w, https:\/\/khaimaitravel.com\/wp-content\/uploads\/2025\/04\/z6463973475086_b2ac40e671e1d0e7adbb31a79b06b846-300x225.jpg 300w, https:\/\/khaimaitravel.com\/wp-content\/uploads\/2025\/04\/z6463973475086_b2ac40e671e1d0e7adbb31a79b06b846-1024x768.jpg 1024w, https:\/\/khaimaitravel.com\/wp-content\/uploads\/2025\/04\/z6463973475086_b2ac40e671e1d0e7adbb31a79b06b846-768x576.jpg 768w, https:\/\/khaimaitravel.com\/wp-content\/uploads\/2025\/04\/z6463973475086_b2ac40e671e1d0e7adbb31a79b06b846-1536x1152.jpg 1536w, https:\/\/khaimaitravel.com\/wp-content\/uploads\/2025\/04\/z6463973475086_b2ac40e671e1d0e7adbb31a79b06b846-2048x1536.jpg 2048w\" sizes=\"(max-width: 2560px) 100vw, 2560px\" \/>\t\t\t\t\t\t\t\t\t\t\t<\/div>\n\t\t\t\t\t<\/div>\n\n\t\t<div class=\"box-text text-center\" >\n\t\t\t<div class=\"box-text-inner\">\n\t\t\t\t\n<h4 style=\"text-align: center;\"><span style=\"color: #ffffff; font-size: 120%;\"><em><strong>Ph\u00f2ng 2 gi\u01b0\u1eddng<\/strong><\/em><\/span><\/h4>\n\t\t\t<\/div>\n\t\t<\/div>\n\t<\/div>\n\t\n<\/p>\n\t\t<\/div>\n\t\t\t\t\t<\/div>\n\n\t\n\n\t<div id=\"col-1566147850\" class=\"col medium-6 small-12 large-6\"  >\n\t\t\t\t<div class=\"col-inner text-left\"  >\n\t\t\t\n\t\t\t\n<p>\n\t<div id=\"text-1801234806\" class=\"text\">\n\t\t\n<p style=\"padding-left: 40px;\"><span style=\"color: #ffffff; font-size: 110%;\">\u2022 Di\u1ec7n t\u00edch ph\u00f2ng: 18.2 m<sup>2<\/sup><\/span><\/p>\n<p style=\"padding-left: 40px;\"><span style=\"color: #ffffff; font-size: 110%;\">\u2022 K\u1ebft n\u1ed1i internet (Wifi).<\/span><\/p>\n<p style=\"padding-left: 40px;\"><span style=\"color: #ffffff; font-size: 110%;\">\u2022 TV.<\/span><\/p>\n<p style=\"padding-left: 40px;\"><span style=\"color: #ffffff; font-size: 110%;\">\u2022 T\u1ee7 qu\u1ea7n \u00e1o.<\/span><\/p>\n<p style=\"padding-left: 40px;\"><span style=\"color: #ffffff; font-size: 110%;\">\u2022 M\u00e1y s\u1ea5y t\u00f3c.<\/span><\/p>\n<p style=\"padding-left: 40px;\"><span style=\"color: #ffffff; font-size: 110%;\">\u2022 H\u1ec7 th\u1ed1ng \u0111i\u1ec1u h\u00f2a.<\/span><\/p>\n<p style=\"padding-left: 40px;\"><span style=\"color: #ffffff; font-size: 110%;\">\u2022 B\u00ecnh n\u01b0\u1edbc n\u00f3ng l\u1ea1nh.<\/span><\/p>\n<p style=\"padding-left: 40px;\"><span style=\"color: #ffffff; font-size: 110%;\">\u2022 D\u1ecbch v\u1ee5 gi\u1eb7t \u1ee7i.<\/span><\/p>\n<p style=\"padding-left: 40px;\"><span style=\"color: #ffffff; font-size: 110%;\">\u2022T\u1ee7 l\u1ea1nh mini.<\/span><\/p>\n<p style=\"padding-left: 80px;\"><span style=\"color: #ffffff; font-size: 110%;\">\u00bbS\u1ed1 gi\u01b0\u1eddng\u00a0 \u00a0 \u00a0 \u00a0 \u00a0: 2 gi\u01b0\u1eddng.<\/span><\/p>\n<p style=\"padding-left: 80px;\"><span style=\"color: #ffffff; font-size: 110%;\">\u00bbS\u1ed1 ng\u01b0\u1eddi t\u1ed1i \u0111a : 4 ng\u01b0\u1eddi.<\/span><\/p>\n<p style=\"padding-left: 80px;\"><span style=\"color: #ffffff; font-size: 110%;\">\u00bbGi\u00e1\u00a0 \u00a0 \u00a0 \u00a0 \u00a0 \u00a0 \u00a0 \u00a0 \u00a0 \u00a0 : &#8230;&#8230;VN\u0110<\/span><\/p>\n<p style=\"padding-left: 40px;\"><span style=\"color: #ffffff; font-size: 110%;\">Call ngay \u0111\u1ec3 nh\u1eadn gi\u00e1 \u01b0u \u0111\u00e3i ngay h\u00f4m nay\u2192<span style=\"color: #ed1c24;\"><a style=\"color: #ed1c24;\" href=\"tel:0366133198\"><strong><em>Click&#8230;<\/em><\/strong><\/a><\/span><\/span><\/p>\n<p>\n\t\t\n<style>\n#text-1801234806 {\n  line-height: 1;\n}\n<\/style>\n\t<\/div>\n\t\n<a href=\"https:\/\/khaimaitravel.com\/index.php\/dat-phong\/\" class=\"button primary is-gloss is-large box-shadow-4\"  style=\"padding:0px 9px 0px 9px;\">\n\t\t<span>\u0110\u1eb7t ph\u00f2ng<\/span>\n\t<i class=\"icon-angle-right\" aria-hidden=\"true\" ><\/i><\/a>\n\n\t\t<\/div>\n\t\t\t\t\t<\/div>\n\n\t\n<\/p>\n\n<style>\n#row-768394683 > .col > .col-inner {\n  background-color: rgb(10, 75, 99);\n}\n<\/style>\n<\/div>\n<\/p>\n\t\t<\/div>\n\n\t\t\n<style>\n#section_1543875751 {\n  padding-top: 30px;\n  padding-bottom: 30px;\n  background-color: rgba(214, 203, 173, 0.1);\n}\n<\/style>\n\t<\/section>\n\t\n","protected":false},"excerpt":{"rendered":"","protected":false},"author":1,"featured_media":1509,"parent":0,"menu_order":0,"comment_status":"closed","ping_status":"closed","template":"page-blank.php","meta":{"footnotes":""},"_links":{"self":[{"href":"https:\/\/khaimaitravel.com\/index.php\/wp-json\/wp\/v2\/pages\/1130"}],"collection":[{"href":"https:\/\/khaimaitravel.com\/index.php\/wp-json\/wp\/v2\/pages"}],"about":[{"href":"https:\/\/khaimaitravel.com\/index.php\/wp-json\/wp\/v2\/types\/page"}],"author":[{"embeddable":true,"href":"https:\/\/khaimaitravel.com\/index.php\/wp-json\/wp\/v2\/users\/1"}],"replies":[{"embeddable":true,"href":"https:\/\/khaimaitravel.com\/index.php\/wp-json\/wp\/v2\/comments?post=1130"}],"version-history":[{"count":36,"href":"https:\/\/khaimaitravel.com\/index.php\/wp-json\/wp\/v2\/pages\/1130\/revisions"}],"predecessor-version":[{"id":2275,"href":"https:\/\/khaimaitravel.com\/index.php\/wp-json\/wp\/v2\/pages\/1130\/revisions\/2275"}],"wp:featuredmedia":[{"embeddable":true,"href":"https:\/\/khaimaitravel.com\/index.php\/wp-json\/wp\/v2\/media\/1509"}],"wp:attachment":[{"href":"https:\/\/khaimaitravel.com\/index.php\/wp-json\/wp\/v2\/media?parent=1130"}],"curies":[{"name":"wp","href":"https:\/\/api.w.org\/{rel}","templated":true}]}}